{"id":162,"date":"2019-01-09T07:57:37","date_gmt":"2019-01-09T07:57:37","guid":{"rendered":"https:\/\/ce3.com.br\/b2b\/about\/"},"modified":"2024-03-15T19:38:48","modified_gmt":"2024-03-15T19:38:48","slug":"institucional","status":"publish","type":"page","link":"https:\/\/ce3.com.br\/b2b\/institucional\/","title":{"rendered":"Institucional"},"content":{"rendered":"\t\t<div data-elementor-type=\"wp-post\" data-elementor-id=\"162\" class=\"elementor elementor-162\" data-elementor-post-type=\"page\">\n\t\t\t\t\t\t<section class=\"elementor-section elementor-top-section elementor-element elementor-element-72dc777 elementor-reverse-tablet elementor-reverse-mobile elementor-section-boxed elementor-section-height-default elementor-section-height-default\" data-id=\"72dc777\" data-element_type=\"section\">\n\t\t\t\t\t\t<div class=\"elementor-container elementor-column-gap-no\">\n\t\t\t\t\t<div class=\"aux-parallax-section elementor-column elementor-col-50 elementor-top-column elementor-element elementor-element-420852e\" data-id=\"420852e\" data-element_type=\"column\">\n\t\t\t<div class=\"elementor-widget-wrap elementor-element-populated\">\n\t\t\t\t\t\t<div class=\"elementor-element elementor-element-e56b624 aux-appear-watch-animation aux-fade-in-up elementor-widget elementor-widget-aux_modern_heading\" data-id=\"e56b624\" data-element_type=\"widget\" data-widget_type=\"aux_modern_heading.default\">\n\t\t\t\t<div class=\"elementor-widget-container\">\n\t\t\t<section class=\"aux-widget-modern-heading\">\n            <div class=\"aux-widget-inner\"><h6 class=\"aux-modern-heading-primary\"><\/h6><h6 class=\"aux-modern-heading-secondary\"><span class=\"aux-head-before\">Quem somos<\/span><\/h6><div class=\"aux-modern-heading-description\"><p><span style=\"font-weight: 400\">H\u00e1 12 anos somos especialistas em solu\u00e7\u00f5es educacionais. A CE3 forma profissionais para o mercado nas suas unidades e tamb\u00e9m dentro das empresas por todo o Brasil<\/span><\/p><p><span style=\"font-weight: 400\">Ter a CE3 como parceira da sua empresa \u00e9 contar com a garantia da qualidade e a seguran\u00e7a traduzida em resultados.<\/span><\/p><\/div><\/div>\n        <\/section>\t\t<\/div>\n\t\t\t\t<\/div>\n\t\t\t\t\t<\/div>\n\t\t<\/div>\n\t\t\t\t<div class=\"aux-parallax-section elementor-column elementor-col-25 elementor-top-column elementor-element elementor-element-126a4d5\" data-id=\"126a4d5\" data-element_type=\"column\">\n\t\t\t<div class=\"elementor-widget-wrap elementor-element-populated\">\n\t\t\t\t\t\t<div class=\"aux-scroll-anim elementor-element elementor-element-9d9fd6b aux-appear-watch-animation aux-mask-from-top elementor-widget elementor-widget-aux_image\" data-move-in=\"\" data-move-out=\"moveVertical\" data-axis-x=\"200\" data-axis-y=\"40\" data-rotate=\"90\" data-scale=\"1\" data-vp-top=\"0.5\" data-vp-bot=\"0.5\" data-el-top=\"0.2\" data-scroll-animation-off=\"1024\" data-id=\"9d9fd6b\" data-element_type=\"widget\" data-widget_type=\"aux_image.default\">\n\t\t\t\t<div class=\"elementor-widget-container\">\n\t\t\t<section class=\"widget-container aux-widget-image aux-alignnone aux-parent-au42516be7\">\n    <div class=\"aux-media-hint-frame \">\n        <div class=\"aux-media-image \" >\n        \n            \n\n            \n            <img fetchpriority=\"high\" decoding=\"async\" width=\"367\" height=\"768\" src=\"image\/gif;base64,R0lGODlhAQABAIAAAAAAAP\/\/\/yH5BAEAAAAALAAAAAABAAEAAAIBRAA7\" class=\"aux-attachment aux-featured-image aux-attachment-id-3802 aux-preload aux-blank\" alt=\"bg-nr-35-b2b\" data-ratio=\"1\" data-original-w=\"367\" sizes=\"auto\" data-srcset=\"https:\/\/ce3.com.br\/b2b\/wp-content\/uploads\/2023\/05\/bg-nr-35-b2b-150x150.jpg 150w,https:\/\/ce3.com.br\/b2b\/wp-content\/uploads\/2023\/05\/bg-nr-35-b2b-300x300.jpg 300w,https:\/\/ce3.com.br\/b2b\/wp-content\/uploads\/2023\/05\/bg-nr-35-b2b-367x768.jpg 367w\" data-src=\"https:\/\/ce3.com.br\/b2b\/wp-content\/uploads\/2023\/05\/bg-nr-35-b2b-367x768.jpg\" \/>            \n                <\/div>\n    <\/div>\n\n<\/section><!-- widget-container -->\t\t<\/div>\n\t\t\t\t<\/div>\n\t\t\t\t\t<\/div>\n\t\t<\/div>\n\t\t\t\t<div class=\"aux-parallax-section elementor-column elementor-col-25 elementor-top-column elementor-element elementor-element-f38f3eb\" data-id=\"f38f3eb\" data-element_type=\"column\">\n\t\t\t<div class=\"elementor-widget-wrap elementor-element-populated\">\n\t\t\t\t\t\t<div class=\"aux-scroll-anim elementor-element elementor-element-b95d427 aux-appear-watch-animation aux-mask-from-top elementor-widget elementor-widget-aux_image\" data-move-in=\"\" data-move-out=\"moveVertical\" data-axis-x=\"200\" data-axis-y=\"40\" data-rotate=\"90\" data-scale=\"1\" data-vp-top=\"0.5\" data-vp-bot=\"0.5\" data-el-top=\"0.2\" data-scroll-animation-off=\"1024\" data-id=\"b95d427\" data-element_type=\"widget\" data-widget_type=\"aux_image.default\">\n\t\t\t\t<div class=\"elementor-widget-container\">\n\t\t\t<section class=\"widget-container aux-widget-image aux-alignnone aux-parent-au3e11aa6f\">\n    <div class=\"aux-media-hint-frame \">\n        <div class=\"aux-media-image \" >\n        \n            \n\n            \n            <img decoding=\"async\" width=\"367\" height=\"768\" src=\"image\/gif;base64,R0lGODlhAQABAIAAAAAAAP\/\/\/yH5BAEAAAAALAAAAAABAAEAAAIBRAA7\" class=\"aux-attachment aux-featured-image aux-attachment-id-3772 aux-preload aux-blank\" alt=\"bg-into-seg-trab-b2b\" data-ratio=\"1\" data-original-w=\"367\" sizes=\"auto\" data-srcset=\"https:\/\/ce3.com.br\/b2b\/wp-content\/uploads\/2023\/05\/bg-into-seg-trab-b2b-150x150.jpg 150w,https:\/\/ce3.com.br\/b2b\/wp-content\/uploads\/2023\/05\/bg-into-seg-trab-b2b-300x300.jpg 300w,https:\/\/ce3.com.br\/b2b\/wp-content\/uploads\/2023\/05\/bg-into-seg-trab-b2b-367x768.jpg 367w\" data-src=\"https:\/\/ce3.com.br\/b2b\/wp-content\/uploads\/2023\/05\/bg-into-seg-trab-b2b-367x768.jpg\" \/>            \n                <\/div>\n    <\/div>\n\n<\/section><!-- widget-container -->\t\t<\/div>\n\t\t\t\t<\/div>\n\t\t\t\t\t<\/div>\n\t\t<\/div>\n\t\t\t\t\t<\/div>\n\t\t<\/section>\n\t\t\t\t<section class=\"elementor-section elementor-top-section elementor-element elementor-element-ba34361 elementor-reverse-tablet elementor-reverse-mobile elementor-section-boxed elementor-section-height-default elementor-section-height-default\" data-id=\"ba34361\" data-element_type=\"section\">\n\t\t\t\t\t\t<div class=\"elementor-container elementor-column-gap-no\">\n\t\t\t\t\t<div class=\"aux-parallax-section elementor-column elementor-col-100 elementor-top-column elementor-element elementor-element-87d248d\" data-id=\"87d248d\" data-element_type=\"column\">\n\t\t\t<div class=\"elementor-widget-wrap elementor-element-populated\">\n\t\t\t\t\t\t<div class=\"elementor-element elementor-element-847b60e aux-appear-watch-animation aux-fade-in-up elementor-widget elementor-widget-aux_modern_heading\" data-id=\"847b60e\" data-element_type=\"widget\" data-widget_type=\"aux_modern_heading.default\">\n\t\t\t\t<div class=\"elementor-widget-container\">\n\t\t\t<section class=\"aux-widget-modern-heading\">\n            <div class=\"aux-widget-inner\"><h2 class=\"aux-modern-heading-primary\"><\/h2><h3 class=\"aux-modern-heading-secondary\"><span class=\"aux-head-before\">Vantagens do nosso treinamento na sua empresa<\/span><\/h3><\/div>\n        <\/section>\t\t<\/div>\n\t\t\t\t<\/div>\n\t\t\t\t<div class=\"elementor-element elementor-element-f99c883 aux-appear-watch-animation aux-fade-in-up elementor-widget elementor-widget-aux_modern_heading\" data-id=\"f99c883\" data-element_type=\"widget\" data-widget_type=\"aux_modern_heading.default\">\n\t\t\t\t<div class=\"elementor-widget-container\">\n\t\t\t<section class=\"aux-widget-modern-heading\">\n            <div class=\"aux-widget-inner\"><div class=\"aux-modern-heading-divider\"><\/div><h2 class=\"aux-modern-heading-primary\">Custos reduzidos<\/h2><div class=\"aux-modern-heading-description\"><p><span style=\"font-weight: 400\">Nossos treinamentos in company oferecem economia de custos, pois eliminam os gastos com deslocamento, alimenta\u00e7\u00e3o e hospedagem, que s\u00e3o necess\u00e1rios em cursos externos.<\/span><\/p><\/div><\/div>\n        <\/section>\t\t<\/div>\n\t\t\t\t<\/div>\n\t\t\t\t<div class=\"elementor-element elementor-element-a749727 aux-appear-watch-animation aux-fade-in-up elementor-widget elementor-widget-aux_modern_heading\" data-id=\"a749727\" data-element_type=\"widget\" data-widget_type=\"aux_modern_heading.default\">\n\t\t\t\t<div class=\"elementor-widget-container\">\n\t\t\t<section class=\"aux-widget-modern-heading\">\n            <div class=\"aux-widget-inner\"><div class=\"aux-modern-heading-divider\"><\/div><h2 class=\"aux-modern-heading-primary\">Sigilo nas informa\u00e7\u00f5es<\/h2><div class=\"aux-modern-heading-description\"><p><span style=\"font-weight: 400\">As informa\u00e7\u00f5es confidenciais de sua empresa est\u00e3o protegidas em nossos treinamentos in company, que s\u00e3o desenvolvidos sob rigoroso sigilo.<\/span><\/p><\/div><\/div>\n        <\/section>\t\t<\/div>\n\t\t\t\t<\/div>\n\t\t\t\t<div class=\"elementor-element elementor-element-3f41fb5 aux-appear-watch-animation aux-fade-in-up elementor-widget elementor-widget-aux_modern_heading\" data-id=\"3f41fb5\" data-element_type=\"widget\" data-widget_type=\"aux_modern_heading.default\">\n\t\t\t\t<div class=\"elementor-widget-container\">\n\t\t\t<section class=\"aux-widget-modern-heading\">\n            <div class=\"aux-widget-inner\"><div class=\"aux-modern-heading-divider\"><\/div><h2 class=\"aux-modern-heading-primary\">Comodidade<\/h2><div class=\"aux-modern-heading-description\"><p><span style=\"font-weight: 400\">Nossos treinamentos in company s\u00e3o flex\u00edveis e podem ser realizados em qualquer cidade do Brasil, facilitando a participa\u00e7\u00e3o de sua equipe.<\/span><\/p><p><span style=\"font-weight: 400\">Alto grau de aproveitamento proporcionado pela homogeneidade dos participantes.<\/span><\/p><p><span style=\"font-weight: 400\">Nossos treinamentos in company s\u00e3o personalizados para atender \u00e0s necessidades espec\u00edficas de sua empresa, o que garante um alto grau de aproveitamento.<\/span><\/p><\/div><\/div>\n        <\/section>\t\t<\/div>\n\t\t\t\t<\/div>\n\t\t\t\t\t<\/div>\n\t\t<\/div>\n\t\t\t\t\t<\/div>\n\t\t<\/section>\n\t\t\t\t<section class=\"elementor-section elementor-top-section elementor-element elementor-element-68453ead elementor-section-boxed elementor-section-height-default elementor-section-height-default\" data-id=\"68453ead\" data-element_type=\"section\" data-settings=\"{&quot;background_background&quot;:&quot;classic&quot;}\">\n\t\t\t\t\t\t<div class=\"elementor-container elementor-column-gap-no\">\n\t\t\t\t\t<div class=\"aux-parallax-section elementor-column elementor-col-50 elementor-top-column elementor-element elementor-element-11916690\" data-id=\"11916690\" data-element_type=\"column\">\n\t\t\t<div class=\"elementor-widget-wrap elementor-element-populated\">\n\t\t\t\t\t\t<div class=\"elementor-element elementor-element-96cc8b0 animated-slow elementor-invisible elementor-widget elementor-widget-aux_modern_heading\" data-id=\"96cc8b0\" data-element_type=\"widget\" data-settings=\"{&quot;_animation&quot;:&quot;fadeInUp&quot;}\" data-widget_type=\"aux_modern_heading.default\">\n\t\t\t\t<div class=\"elementor-widget-container\">\n\t\t\t<section class=\"aux-widget-modern-heading\">\n            <div class=\"aux-widget-inner\"><h2 class=\"aux-modern-heading-primary\"><\/h2><h3 class=\"aux-modern-heading-secondary\"><span class=\"aux-head-before\">12 anos Transformando Vidas!<\/span><\/h3><div class=\"aux-modern-heading-description\"><p><span style=\"font-weight: 400\">A CE3 \u00e9 uma escola profissionalizante que em 2023 caminha para seus 12 anos de exist\u00eancia. Um feito a ser comemorado! Nossos n\u00fameros s\u00e3o motivos de orgulho, pois com mais de 25 mil alunos formados, hoje a escola \u00e9 uma f\u00e1brica de profissionais. Temos mais de 500 empresas parceiras e muitas vidas transformadas por esse time de professores e colaboradores que amam o que fazem.<\/span><\/p><p><span style=\"font-weight: 400\">Um brinde aos 12 anos de resultados dessa marca que existe para transformar vidas e construir hist\u00f3rias!<\/span><\/p><\/div><\/div>\n        <\/section>\t\t<\/div>\n\t\t\t\t<\/div>\n\t\t\t\t<div class=\"elementor-element elementor-element-287270c elementor-invisible elementor-widget elementor-widget-aux_button\" data-id=\"287270c\" data-element_type=\"widget\" data-settings=\"{&quot;_animation&quot;:&quot;fadeInUp&quot;}\" data-widget_type=\"aux_button.default\">\n\t\t\t\t<div class=\"elementor-widget-container\">\n\t\t\t<button   class=\"aux-button aux-medium aux-masala aux-curve aux-none aux-uppercase\" ><span class=\"aux-overlay\"><\/span><span class=\"aux-text\">quero fazer um or\u00e7amento<\/span><span class=\"aux-icon fa fa-play\"><\/span><\/button>\t\t<\/div>\n\t\t\t\t<\/div>\n\t\t\t\t\t<\/div>\n\t\t<\/div>\n\t\t\t\t<div class=\"aux-parallax-section elementor-column elementor-col-50 elementor-top-column elementor-element elementor-element-42bf4ed5\" data-id=\"42bf4ed5\" data-element_type=\"column\">\n\t\t\t<div class=\"elementor-widget-wrap elementor-element-populated\">\n\t\t\t\t\t\t<div class=\"aux-scroll-anim elementor-element elementor-element-241ee8a0 animated-slow elementor-invisible elementor-widget elementor-widget-aux_image\" data-move-in=\"moveVertical\" data-move-out=\"moveVertical\" data-axis-x=\"200\" data-axis-y=\"10\" data-rotate=\"90\" data-scale=\"1\" data-vp-top=\"0.5\" data-vp-bot=\"0.5\" data-el-top=\"0.2\" data-scroll-animation-off=\"1024\" data-id=\"241ee8a0\" data-element_type=\"widget\" id=\"img-video-dois\" data-settings=\"{&quot;_animation&quot;:&quot;fadeInRight&quot;}\" data-widget_type=\"aux_image.default\">\n\t\t\t\t<div class=\"elementor-widget-container\">\n\t\t\t<section class=\"widget-container aux-widget-image aux-alignnone aux-parent-au8680af81\">\n    <div class=\"aux-media-hint-frame \">\n        <div class=\"aux-media-image \" >\n        \n            \n\n            \n            <img decoding=\"async\" width=\"385\" height=\"312\" src=\"image\/gif;base64,R0lGODlhAQABAIAAAAAAAP\/\/\/yH5BAEAAAAALAAAAAABAAEAAAIBRAA7\" class=\"aux-attachment aux-featured-image aux-attachment-id-93 aux-preload aux-blank\" alt=\"demo-attachment-146-portrait-of-construction-engineers-working-on-QTY53UD\" data-ratio=\"1\" data-original-w=\"385\" sizes=\"auto\" data-srcset=\"https:\/\/ce3.com.br\/b2b\/wp-content\/uploads\/2019\/01\/portrait-of-construction-engineers-working-on-QTY53UD-150x150.jpg 150w,https:\/\/ce3.com.br\/b2b\/wp-content\/uploads\/2019\/01\/portrait-of-construction-engineers-working-on-QTY53UD-300x300.jpg 300w,https:\/\/ce3.com.br\/b2b\/wp-content\/uploads\/2019\/01\/portrait-of-construction-engineers-working-on-QTY53UD-768x768.jpg 385w\" data-src=\"https:\/\/ce3.com.br\/b2b\/wp-content\/uploads\/2019\/01\/portrait-of-construction-engineers-working-on-QTY53UD-768x768.jpg\" \/>            \n                <\/div>\n    <\/div>\n\n<\/section><!-- widget-container -->\t\t<\/div>\n\t\t\t\t<\/div>\n\t\t\t\t<div class=\"aux-scroll-anim elementor-element elementor-element-657c8b28 elementor-widget__width-auto elementor-invisible elementor-widget elementor-widget-video\" data-move-in=\"moveVertical\" data-move-out=\"moveVertical\" data-axis-x=\"200\" data-axis-y=\"60\" data-rotate=\"90\" data-scale=\"1\" data-vp-top=\"0.5\" data-vp-bot=\"0.5\" data-el-top=\"0.2\" data-scroll-animation-off=\"1024\" data-id=\"657c8b28\" data-element_type=\"widget\" id=\"video-dois\" data-settings=\"{&quot;video_type&quot;:&quot;hosted&quot;,&quot;_animation&quot;:&quot;fadeInUp&quot;,&quot;controls&quot;:&quot;yes&quot;}\" data-widget_type=\"video.default\">\n\t\t\t\t<div class=\"elementor-widget-container\">\n\t\t\t\t\t<div class=\"e-hosted-video elementor-wrapper elementor-open-inline\">\n\t\t\t\t\t<video class=\"elementor-video\" src=\"https:\/\/ce3.com.br\/b2b\/wp-content\/uploads\/2022\/10\/video-studio-dell-1280.mp4\" controls=\"\" preload=\"metadata\" controlsList=\"nodownload\"><\/video>\n\t\t\t\t<\/div>\n\t\t\t\t<\/div>\n\t\t\t\t<\/div>\n\t\t\t\t\t<\/div>\n\t\t<\/div>\n\t\t\t\t\t<\/div>\n\t\t<\/section>\n\t\t\t\t<\/div>\n\t\t","protected":false},"excerpt":{"rendered":"<p>Quem somos H\u00e1 12 anos somos especialistas em solu\u00e7\u00f5es educacionais. A CE3 forma profissionais para o mercado nas suas unidades e tamb\u00e9m dentro das empresas por todo o Brasil Ter a CE3 como parceira da sua empresa \u00e9 contar com a garantia da qualidade e a seguran\u00e7a traduzida em resultados. Vantagens do nosso treinamento na [&hellip;]<\/p>\n","protected":false},"author":1,"featured_media":0,"parent":0,"menu_order":0,"comment_status":"closed","ping_status":"closed","template":"","meta":{"footnotes":""},"class_list":["post-162","page","type-page","status-publish","hentry"],"_links":{"self":[{"href":"https:\/\/ce3.com.br\/b2b\/wp-json\/wp\/v2\/pages\/162","targetHints":{"allow":["GET"]}}],"collection":[{"href":"https:\/\/ce3.com.br\/b2b\/wp-json\/wp\/v2\/pages"}],"about":[{"href":"https:\/\/ce3.com.br\/b2b\/wp-json\/wp\/v2\/types\/page"}],"author":[{"embeddable":true,"href":"https:\/\/ce3.com.br\/b2b\/wp-json\/wp\/v2\/users\/1"}],"replies":[{"embeddable":true,"href":"https:\/\/ce3.com.br\/b2b\/wp-json\/wp\/v2\/comments?post=162"}],"version-history":[{"count":138,"href":"https:\/\/ce3.com.br\/b2b\/wp-json\/wp\/v2\/pages\/162\/revisions"}],"predecessor-version":[{"id":5388,"href":"https:\/\/ce3.com.br\/b2b\/wp-json\/wp\/v2\/pages\/162\/revisions\/5388"}],"wp:attachment":[{"href":"https:\/\/ce3.com.br\/b2b\/wp-json\/wp\/v2\/media?parent=162"}],"curies":[{"name":"wp","href":"https:\/\/api.w.org\/{rel}","templated":true}]}}